{"id":828,"date":"2023-12-07T14:33:56","date_gmt":"2023-12-07T14:33:56","guid":{"rendered":"https:\/\/basp.parisnanterre.fr\/?page_id=828"},"modified":"2026-03-13T15:04:17","modified_gmt":"2026-03-13T15:04:17","slug":"compte-limesurvey","status":"publish","type":"page","link":"https:\/\/basp.parisnanterre.fr\/index.php\/compte-limesurvey\/","title":{"rendered":"Cr\u00e9er et utiliser un compte LimeSurvey"},"content":{"rendered":"<div class=\"style-288 style-local-828-c1 position-relative\" data-colibri-id=\"828-c1\">\n<div id=\"initial-content\" class=\"h-section h-section-global-spacing d-flex align-items-lg-center align-items-md-center align-items-center style-289 style-local-828-c2 position-relative\" data-colibri-component=\"section\" data-colibri-id=\"828-c2\">\n<div class=\"h-section-grid-container h-section-boxed-container\">\n<div class=\"h-row-container gutters-row-lg-2 gutters-row-md-2 gutters-row-0 gutters-row-v-lg-2 gutters-row-v-md-2 gutters-row-v-2 style-311 style-local-828-c3 position-relative\" data-colibri-id=\"828-c3\">\n<div class=\"h-row justify-content-lg-center justify-content-md-center justify-content-center align-items-lg-stretch align-items-md-stretch align-items-stretch gutters-col-lg-2 gutters-col-md-2 gutters-col-0 gutters-col-v-lg-2 gutters-col-v-md-2 gutters-col-v-2\">\n<div class=\"h-column h-column-container d-flex h-col-lg-auto h-col-md-auto h-col-auto style-312-outer style-local-828-c4-outer\">\n<div class=\"d-flex h-flex-basis h-column__inner h-px-lg-2 h-px-md-2 h-px-2 v-inner-lg-2 v-inner-md-2 v-inner-2 style-312 style-local-828-c4 position-relative\" data-colibri-id=\"828-c4\">\n<div class=\"w-100 h-y-container h-column__content h-column__v-align flex-basis-100 align-self-lg-start align-self-md-start align-self-start\">\n<div class=\"h-text h-text-component style-295 style-local-828-c5 position-relative h-element\" data-colibri-id=\"828-c5\">\n<div class=\"\">\n<h2><strong>Obtenir un compte<\/strong><\/h2>\n<ul>\n<li>Pour obtenir un compte, il suffit de remplir<strong>\u00a0<\/strong><br \/><a class=\"customize-unpreviewable\" style=\"font-family: Poppins; font-weight: 400; font-size: 1em; color: #2876fb;\" href=\"https:\/\/pordis-enquetes.parisnanterre.fr\/index.php\/463925?lang=fr\"><strong>le formulaire de cr\u00e9ation de compte<\/strong><\/a><strong>:<\/strong><\/li>\n<li class=\"ql-indent-1\">Si vous \u00eates doctorant\u22c5e ou enseignant\u22c5e-chercheur\u22c5se, vous pouvez remplir\u00a0<br \/><a class=\"customize-unpreviewable\" style=\"font-family: Poppins; font-weight: 400; font-size: 1em; color: #2876fb;\" href=\"https:\/\/pordis-enquetes.parisnanterre.fr\/index.php\/463925?lang=fr\"><strong>le formulaire<\/strong><\/a><strong>\u00a0<\/strong>vous-m\u00eame en indiquant votre adresse e mail insitutionnelle.<\/li>\n<li class=\"ql-indent-1\">Si vous \u00eates \u00e9tudiant\u22c5e\u00a0: c\u2019est votre professeur\u22c5e r\u00e9f\u00e9rent\u22c5e doit remplir\u00a0<br \/><a class=\"customize-unpreviewable\" style=\"font-family: Poppins; font-weight: 400; font-size: 1em; color: #2876fb;\" href=\"https:\/\/pordis-enquetes.parisnanterre.fr\/index.php\/463925?lang=fr\"><strong>le formulaire\u00a0<\/strong><\/a>en indiquant que la cr\u00e9ation de compte est pour vous. Il devra indiquer votre adresse email institutionnelle.<\/li>\n<li>Les cr\u00e9ations de compte ne sont pas instantan\u00e9es: elles sont effectu\u00e9es une fois par semaine<em>.<\/em><\/li>\n<li>Un lien provisoire sera envoy\u00e9 \u00e0 votre adresse institutionnelle lors de la cr\u00e9ation. Il permettra de configurer un mot de passe.\u00a0<strong>Il est imp\u00e9ratif de cliquer sur ce lien pour finaliser la cr\u00e9ation du compte<\/strong>.<\/li>\n<\/ul>\n<\/div>\n<\/div>\n<\/div>\n<\/div>\n<\/div>\n<\/div>\n<\/div>\n<\/div>\n<\/div>\n<\/div>\n\n<style>.kb-row-layout-id828_08af79-6c > .kt-row-column-wrap{align-content:start;}:where(.kb-row-layout-id828_08af79-6c > .kt-row-column-wrap) > .wp-block-kadence-column{justify-content:start;}.kb-row-layout-id828_08af79-6c > .kt-row-column-wrap{column-gap:var(--global-kb-gap-md, 2rem);row-gap:var(--global-kb-gap-md, 2rem);padding-top:var(--global-kb-spacing-sm, 1.5rem);padding-bottom:var(--global-kb-spacing-sm, 1.5rem);grid-template-columns:repeat(2, minmax(0, 1fr));}.kb-row-layout-id828_08af79-6c > .kt-row-layout-overlay{opacity:0.30;}@media all and (max-width: 1024px){.kb-row-layout-id828_08af79-6c > .kt-row-column-wrap{grid-template-columns:repeat(2, minmax(0, 1fr));}}@media all and (max-width: 767px){.kb-row-layout-id828_08af79-6c > .kt-row-column-wrap{grid-template-columns:minmax(0, 1fr);}}<\/style><div class=\"kb-row-layout-wrap kb-row-layout-id828_08af79-6c alignnone wp-block-kadence-rowlayout\"><div class=\"kt-row-column-wrap kt-has-2-columns kt-row-layout-equal kt-tab-layout-inherit kt-mobile-layout-row kt-row-valign-top\">\n<style>.kadence-column828_f3cdaf-4f > .kt-inside-inner-col,.kadence-column828_f3cdaf-4f > .kt-inside-inner-col:before{border-top-left-radius:0px;border-top-right-radius:0px;border-bottom-right-radius:0px;border-bottom-left-radius:0px;}.kadence-column828_f3cdaf-4f > .kt-inside-inner-col{column-gap:var(--global-kb-gap-sm, 1rem);}.kadence-column828_f3cdaf-4f > .kt-inside-inner-col{flex-direction:column;}.kadence-column828_f3cdaf-4f > .kt-inside-inner-col > .aligncenter{width:100%;}.kadence-column828_f3cdaf-4f > .kt-inside-inner-col:before{opacity:0.3;}.kadence-column828_f3cdaf-4f{position:relative;}@media all and (max-width: 1024px){.kadence-column828_f3cdaf-4f > .kt-inside-inner-col{flex-direction:column;justify-content:center;}}@media all and (max-width: 767px){.kadence-column828_f3cdaf-4f > .kt-inside-inner-col{flex-direction:column;justify-content:center;}}<\/style>\n<div class=\"wp-block-kadence-column kadence-column828_f3cdaf-4f\"><div class=\"kt-inside-inner-col\"><style>.wp-block-kadence-advancedbtn.kb-btns828_3b7eea-67{gap:var(--global-kb-gap-xs, 0.5rem );justify-content:center;align-items:center;}.kt-btns828_3b7eea-67 .kt-button{font-weight:normal;font-style:normal;}.kt-btns828_3b7eea-67 .kt-btn-wrap-0{margin-right:5px;}.wp-block-kadence-advancedbtn.kt-btns828_3b7eea-67 .kt-btn-wrap-0 .kt-button{color:#555555;border-color:#555555;}.wp-block-kadence-advancedbtn.kt-btns828_3b7eea-67 .kt-btn-wrap-0 .kt-button:hover, .wp-block-kadence-advancedbtn.kt-btns828_3b7eea-67 .kt-btn-wrap-0 .kt-button:focus{color:#ffffff;border-color:#444444;}.wp-block-kadence-advancedbtn.kt-btns828_3b7eea-67 .kt-btn-wrap-0 .kt-button::before{display:none;}.wp-block-kadence-advancedbtn.kt-btns828_3b7eea-67 .kt-btn-wrap-0 .kt-button:hover, .wp-block-kadence-advancedbtn.kt-btns828_3b7eea-67 .kt-btn-wrap-0 .kt-button:focus{background:#444444;}<\/style>\n<div class=\"wp-block-kadence-advancedbtn kb-buttons-wrap kb-btns828_3b7eea-67\"><style>ul.menu .wp-block-kadence-advancedbtn .kb-btn828_f981d0-05.kb-button{width:initial;}.wp-block-kadence-advancedbtn .kb-btn828_f981d0-05.kb-button{background:#142752;border-top-left-radius:20px;border-top-right-radius:20px;border-bottom-right-radius:20px;border-bottom-left-radius:20px;box-shadow:0px 0px 60px 5px rgba(0, 0, 0, 0.2);}<\/style><a class=\"kb-button kt-button button kb-btn828_f981d0-05 kt-btn-size-large kt-btn-width-type-auto kb-btn-global-fill  kt-btn-has-text-true kt-btn-has-svg-false  wp-block-kadence-singlebtn\" href=\"https:\/\/pordis-enquetes.parisnanterre.fr\/index.php\/463925?lang=fr\"><span class=\"kt-btn-inner-text\">Cr\u00e9er un nouveau compte<\/span><\/a><\/div>\n<\/div><\/div>\n\n\n<style>.kadence-column828_e202ee-98 > .kt-inside-inner-col,.kadence-column828_e202ee-98 > .kt-inside-inner-col:before{border-top-left-radius:0px;border-top-right-radius:0px;border-bottom-right-radius:0px;border-bottom-left-radius:0px;}.kadence-column828_e202ee-98 > .kt-inside-inner-col{column-gap:var(--global-kb-gap-sm, 1rem);}.kadence-column828_e202ee-98 > .kt-inside-inner-col{flex-direction:column;}.kadence-column828_e202ee-98 > .kt-inside-inner-col > .aligncenter{width:100%;}.kadence-column828_e202ee-98 > .kt-inside-inner-col:before{opacity:0.3;}.kadence-column828_e202ee-98{position:relative;}@media all and (max-width: 1024px){.kadence-column828_e202ee-98 > .kt-inside-inner-col{flex-direction:column;justify-content:center;}}@media all and (max-width: 767px){.kadence-column828_e202ee-98 > .kt-inside-inner-col{flex-direction:column;justify-content:center;}}<\/style>\n<div class=\"wp-block-kadence-column kadence-column828_e202ee-98\"><div class=\"kt-inside-inner-col\"><style>.wp-block-kadence-advancedbtn.kb-btns828_fe2c67-f3{gap:var(--global-kb-gap-xs, 0.5rem );justify-content:center;align-items:center;}.kt-btns828_fe2c67-f3 .kt-button{font-weight:normal;font-style:normal;}.kt-btns828_fe2c67-f3 .kt-btn-wrap-0{margin-right:5px;}.wp-block-kadence-advancedbtn.kt-btns828_fe2c67-f3 .kt-btn-wrap-0 .kt-button{color:#555555;border-color:#555555;}.wp-block-kadence-advancedbtn.kt-btns828_fe2c67-f3 .kt-btn-wrap-0 .kt-button:hover, .wp-block-kadence-advancedbtn.kt-btns828_fe2c67-f3 .kt-btn-wrap-0 .kt-button:focus{color:#ffffff;border-color:#444444;}.wp-block-kadence-advancedbtn.kt-btns828_fe2c67-f3 .kt-btn-wrap-0 .kt-button::before{display:none;}.wp-block-kadence-advancedbtn.kt-btns828_fe2c67-f3 .kt-btn-wrap-0 .kt-button:hover, .wp-block-kadence-advancedbtn.kt-btns828_fe2c67-f3 .kt-btn-wrap-0 .kt-button:focus{background:#444444;}<\/style>\n<div class=\"wp-block-kadence-advancedbtn kb-buttons-wrap kb-btns828_fe2c67-f3\"><style>ul.menu .wp-block-kadence-advancedbtn .kb-btn828_0a72c3-c8.kb-button{width:initial;}.wp-block-kadence-advancedbtn .kb-btn828_0a72c3-c8.kb-button{background:#142752;border-top-left-radius:20px;border-top-right-radius:20px;border-bottom-right-radius:20px;border-bottom-left-radius:20px;}<\/style><a class=\"kb-button kt-button button kb-btn828_0a72c3-c8 kt-btn-size-large kt-btn-width-type-auto kb-btn-global-fill  kt-btn-has-text-true kt-btn-has-svg-false  wp-block-kadence-singlebtn\" href=\"https:\/\/pordis-enquetes.parisnanterre.fr\/index.php\/136291?lang=fr\"><span class=\"kt-btn-inner-text\">Cr\u00e9\u00e9r un nouveau questionnaire<\/span><\/a><\/div>\n<\/div><\/div>\n\n<\/div><\/div>\n\n\n<p><br><\/p>\n\n\n<h3>Acc\u00e9der \u00e0 votre compte<\/h3>\n<p><br \/>Vous ne pouvez pas acc\u00e9der \u00e0 votre compte par le site officiel de LimeSurvey (qui est un logiciel libre et ind\u00e9pendant). Votre compte donne acc\u00e8s au LimeSurvey install\u00e9 sur les serveurs de l\u2019Universit\u00e9 Paris Nanterre. Vous y acc\u00e9derez gr\u00e2ce \u00e0 <a href=\"https:\/\/pordis-enquetes.parisnanterre.fr\/admin\">ce lien<\/a>.<\/p>\n<p>Pour les personnes affili\u00e9es \u00e0 l\u2019universit\u00e9 Paris 8, un lien de connexion sp\u00e9cifique sera transmis.<br \/>\u00a0<\/p>\n<h3>Rappel concernant la protection des donn\u00e9es<\/h3>\n<p><br \/>La cr\u00e9ation de questionnaire est sujette \u00e0 un cadre \u00e9thique et l\u00e9gal particulier. Vous trouverez\u00a0<br \/><a href=\"https:\/\/drive.google.com\/file\/d\/15e30-Zq49liuVGgBHpG0uWUbSrQ8_nGi\/view?usp=sharing\">ICI une note de notre D\u00e9l\u00e9gu\u00e9 \u00e0 la Protection des Donn\u00e9es<\/a>\u00a0(DPO) \u00e0 ce sujet. Vous pouvez \u00e9galement consulter la\u00a0<br \/><a href=\"https:\/\/www.cnil.fr\/fr\/recherche-scientifique-hors-sante\">rubrique d\u00e9di\u00e9e de la CNIL<\/a>.<\/p>\n<h3>\u00a0<\/h3>\n<h3><br \/>Obtenir de l\u2019aide<\/h3>\n<p><br \/>\u00c0 l\u2019heure actuelle, il n\u2019y a pas de \u00ab hotline \u00bb pour g\u00e9rer les probl\u00e8mes que vous risquez de rencontrer en utilisant LimeSurvey. Nous esp\u00e9rons qu\u2019un nouveau responsable sera bient\u00f4t recrut\u00e9. Vous trouverez toutefois des tutoriels dans les rubriques \u201c<br \/>LimeSurvey \u2013 Manuel\u201d et \u201c<br \/>LimeSurvey \u2013 How to\u201d pour vous aider \u00e0 d\u00e9marrer.<\/p>","protected":false},"excerpt":{"rendered":"<p>Obtenir un compte Pour obtenir un compte, il suffit de remplir\u00a0le formulaire de cr\u00e9ation de compte: Si vous \u00eates doctorant\u22c5e ou enseignant\u22c5e-chercheur\u22c5se, vous pouvez remplir\u00a0le formulaire\u00a0vous-m\u00eame en indiquant votre adresse e mail insitutionnelle. Si vous \u00eates \u00e9tudiant\u22c5e\u00a0: c\u2019est votre professeur\u22c5e r\u00e9f\u00e9rent\u22c5e doit remplir\u00a0le formulaire\u00a0en indiquant que la cr\u00e9ation de compte est pour vous. Il devra [&hellip;]<\/p>\n","protected":false},"author":5,"featured_media":0,"parent":0,"menu_order":0,"comment_status":"closed","ping_status":"closed","template":"page-templates\/full-width-page.php","meta":{"_kad_blocks_custom_css":"","_kad_blocks_head_custom_js":"","_kad_blocks_body_custom_js":"","_kad_blocks_footer_custom_js":"","_kadence_starter_templates_imported_post":false,"footnotes":""},"class_list":["post-828","page","type-page","status-publish","hentry"],"taxonomy_info":[],"featured_image_src_large":false,"author_info":{"display_name":"Laurence Conty","author_link":"https:\/\/basp.parisnanterre.fr\/index.php\/author\/lconty\/"},"comment_info":0,"_links":{"self":[{"href":"https:\/\/basp.parisnanterre.fr\/index.php\/wp-json\/wp\/v2\/pages\/828","targetHints":{"allow":["GET"]}}],"collection":[{"href":"https:\/\/basp.parisnanterre.fr\/index.php\/wp-json\/wp\/v2\/pages"}],"about":[{"href":"https:\/\/basp.parisnanterre.fr\/index.php\/wp-json\/wp\/v2\/types\/page"}],"author":[{"embeddable":true,"href":"https:\/\/basp.parisnanterre.fr\/index.php\/wp-json\/wp\/v2\/users\/5"}],"replies":[{"embeddable":true,"href":"https:\/\/basp.parisnanterre.fr\/index.php\/wp-json\/wp\/v2\/comments?post=828"}],"version-history":[{"count":20,"href":"https:\/\/basp.parisnanterre.fr\/index.php\/wp-json\/wp\/v2\/pages\/828\/revisions"}],"predecessor-version":[{"id":1044,"href":"https:\/\/basp.parisnanterre.fr\/index.php\/wp-json\/wp\/v2\/pages\/828\/revisions\/1044"}],"wp:attachment":[{"href":"https:\/\/basp.parisnanterre.fr\/index.php\/wp-json\/wp\/v2\/media?parent=828"}],"curies":[{"name":"wp","href":"https:\/\/api.w.org\/{rel}","templated":true}]}}