{"id":333,"date":"2022-09-06T12:43:59","date_gmt":"2022-09-06T12:43:59","guid":{"rendered":"https:\/\/basp.parisnanterre.fr\/?page_id=333"},"modified":"2022-09-07T14:45:41","modified_gmt":"2022-09-07T14:45:41","slug":"howto-creer-un-groupe-de-questions","status":"publish","type":"page","link":"https:\/\/basp.parisnanterre.fr\/index.php\/howto-creer-un-groupe-de-questions\/","title":{"rendered":"HowTo &#8211; Cr\u00e9er un groupe de questions"},"content":{"rendered":"\n<p align=\"justify\">L\u2019\u00e9dition du groupe de questions est tr\u00e8s simple. Il suffit dans \u201c<strong>Structure<\/strong>\u201d d\u2019appuyer sur le bouton \u201c<strong>Ajouter un groupe<\/strong>\u201c. Puis, indiquez le nom du groupe, et si vous le souhaitez, un texte descriptif de pr\u00e9sentation.<\/p>\n\n\n\n<p align=\"justify\">Notez les deux champs facultatifs:<\/p>\n\n\n\n<ul><li><p align=\"justify\">\u201c<strong>Nom de groupe al\u00e9atoire<\/strong>\u201c: utile si vous souhaitez pr\u00e9senter des groupes de question de mani\u00e8re al\u00e9atoire.<\/p><\/li><li><p align=\"justify\">\u201c<strong>\u00c9quation du filtre conditionnel<\/strong>\u201c: utile pour n\u2019afficher le groupe que sous certaines conditions.<\/p><\/li><\/ul>\n\n\n\n<figure class=\"wp-block-video\"><video height=\"1080\" style=\"aspect-ratio: 1920 \/ 1080;\" width=\"1920\" controls src=\"https:\/\/basp.parisnanterre.fr\/wp-content\/uploads\/2022\/08\/LimeSurvey_Group.mp4\"><\/video><\/figure>\n","protected":false},"excerpt":{"rendered":"<p>L\u2019\u00e9dition du groupe de questions est tr\u00e8s simple. Il suffit dans \u201cStructure\u201d d\u2019appuyer sur le bouton \u201cAjouter un groupe\u201c. Puis, indiquez le nom du groupe, et si vous le souhaitez, un texte descriptif de pr\u00e9sentation. Notez les deux champs facultatifs: \u201cNom de groupe al\u00e9atoire\u201c: utile si vous souhaitez pr\u00e9senter des groupes de question de mani\u00e8re [&hellip;]<\/p>\n","protected":false},"author":1,"featured_media":0,"parent":0,"menu_order":0,"comment_status":"closed","ping_status":"closed","template":"","meta":{"_kad_blocks_custom_css":"","_kad_blocks_head_custom_js":"","_kad_blocks_body_custom_js":"","_kad_blocks_footer_custom_js":"","_kadence_starter_templates_imported_post":false,"footnotes":""},"class_list":["post-333","page","type-page","status-publish","hentry"],"taxonomy_info":[],"featured_image_src_large":false,"author_info":{"display_name":"admin","author_link":"https:\/\/basp.parisnanterre.fr\/index.php\/author\/fcerrotti\/"},"comment_info":0,"_links":{"self":[{"href":"https:\/\/basp.parisnanterre.fr\/index.php\/wp-json\/wp\/v2\/pages\/333","targetHints":{"allow":["GET"]}}],"collection":[{"href":"https:\/\/basp.parisnanterre.fr\/index.php\/wp-json\/wp\/v2\/pages"}],"about":[{"href":"https:\/\/basp.parisnanterre.fr\/index.php\/wp-json\/wp\/v2\/types\/page"}],"author":[{"embeddable":true,"href":"https:\/\/basp.parisnanterre.fr\/index.php\/wp-json\/wp\/v2\/users\/1"}],"replies":[{"embeddable":true,"href":"https:\/\/basp.parisnanterre.fr\/index.php\/wp-json\/wp\/v2\/comments?post=333"}],"version-history":[{"count":7,"href":"https:\/\/basp.parisnanterre.fr\/index.php\/wp-json\/wp\/v2\/pages\/333\/revisions"}],"predecessor-version":[{"id":472,"href":"https:\/\/basp.parisnanterre.fr\/index.php\/wp-json\/wp\/v2\/pages\/333\/revisions\/472"}],"wp:attachment":[{"href":"https:\/\/basp.parisnanterre.fr\/index.php\/wp-json\/wp\/v2\/media?parent=333"}],"curies":[{"name":"wp","href":"https:\/\/api.w.org\/{rel}","templated":true}]}}